hundred thousands digit of 4630080?
6
What is the tens digit of 8149640?
4
What is the ten thousands digit of 1054813?
5
What is the tens digit of 101677?
7
What is the tens digit of 225333?
3
What is the units digit of 721749?
9
What is the hundred thousands digit of 155064?
1
What is the units digit of 3930401?
1
What is the hundred thousands digit of 3281221?
2
What is the hundreds digit of 1533150?
1
What is the ten millions digit of 14867500?
1
What is the tens digit of 108373?
7
What is the tens digit of 71510?
1
What is the hundreds digit of 240512?
5
What is the hundreds digit of 178958?
9
What is the hundred thousands digit of 138228?
1
What is the millions digit of 11360604?
1
What is the tens digit of 26281515?
1
What is the hundreds digit of 3484728?
7
What is the hundred thousands digit of 1009560?
0
What is the tens digit of 882528?
2
What is the ten thousands digit of 25190581?
9
What is the hundred thousands digit of 470061?
4
What is the hundreds digit of 2121336?
3
What is the hundred thousands digit of 221238?
2
What is the tens digit of 2283125?
2
What is the tens digit of 2233756?
5
What is the thousands digit of 80590?
0
What is the tens digit of 314143?
4
What is the thousands digit of 172840?
2
What is the ten thousands digit of 6443963?
4
What is the tens digit of 3007377?
7
What is the units digit of 105310?
0
What is the hundreds digit of 118958?
9
What is the tens digit of 2361499?
9
What is the millions digit of 1009482?
1
What is the tens digit of 574196?
9
What is the hundred thousands digit of 4005637?
0
What is the ten thousands digit of 1941493?
4
What is the thousands digit of 237239?
7
What is the thousands digit of 4628245?
8
What is the hundred thousands digit of 306346?
3
What is the ten thousands digit of 310902?
1
What is the tens digit of 75858?
5
What is the ten thousands digit of 573406?
7
What is the thousands digit of 4877319?
7
What is the thousands digit of 808653?
8
What is the ten thousands digit of 2143488?
4
What is the units digit of 668717?
7
What is the hundred thousands digit of 338056?
3
What is the units digit of 1715678?
8
What is the tens digit of 2205588?
8
What is the hundreds digit of 3605439?
4
What is the thousands digit of 6416231?
6
What is the tens digit of 739360?
6
What is the hundreds digit of 2258665?
6
What is the units digit of 1062139?
9
What is the tens digit of 183698?
9
What is the tens digit of 227374?
7
What is the units digit of 4948178?
8
What is the hundred thousands digit of 5777713?
7
What is the ten thousands digit of 35305?
3
What is the hundred thousands digit of 1559024?
5
What is the units digit of 7618410?
0
What is the hundred thousands digit of 287598?
2
What is the millions digit of 1560126?
1
What is the units digit of 607402?
2
What is the hundred thousands digit of 2963361?
9
What is the hundred thousands digit of 3273129?
2
What is the tens digit of 78107?
0
What is the hundreds digit of 804924?
9
What is the thousands digit of 27580?
7
What is the hundred thousands digit of 329947?
3
What is the hundred thousands digit of 254273?
2
What is the units digit of 858833?
3
What is the thousands digit of 141783?
1
What is the hundreds digit of 895303?
3
What is the ten thousands digit of 115318?
1
What is the tens digit of 10520254?
5
What is the tens digit of 201171?
7
What is the hundred thousands digit of 150872?
1
What is the thousands digit of 5325506?
5
What is the units digit of 3557147?
7
What is the units digit of 1094804?
4
What is the units digit of 1812?
2
What is the hundred thousands digit of 341604?
3
What is the thousands digit of 11080442?
0
What is the tens digit of 1201295?
9
What is the millions digit of 41040361?
1
What is the ten thousands digit of 5758671?
5
What is the hundred thousands digit of 6611966?
6
What is the ten thousands digit of 6606551?
0
What is the ten thousands digit of 763306?
6
What is the ten thousands digit of 2077245?
7
What is the tens digit of 184535?
3
What is the hundred thousands digit of 8344846?
3
What is the millions digit of 1026851?
1
What is the ten thousands digit of 122030?
2
What is the thousands digit of 1281980?
1
What is the hundreds digit of 365529?
5
What is the millions digit of 7387769?
7
What is the millions digit of 3743234?
3
What is the thousands digit of 2004039?
4
What is the tens digit of 457373?
7
What is the hundred thousands digit of 2353611?
3
What is the millions digit of 10059125?
0
What is the ten thousands digit of 17177?
1
What is the hundreds digit of 301212?
2
What is the hundred thousands digit of 4483552?
4
What is the millions digit of 2059077?
2
What is the hundred thousands digit of 12688323?
6
What is the thousands digit of 482502?
2
What is the units digit of 1197205?
5
What is the tens digit of 3759?
5
What is the ten thousands digit of 12960100?
6
What is the hundred thousands digit of 190356?
1
What is the hundreds digit of 174474?
4
What is the hundred thousands digit of 1319875?
3
What is the hundreds digit of 5585?
5
What is the hundred thousands digit of 159672?
1
What is the units digit of 156908?
8
What is the units digit of 521125?
5
What is the ten thousands digit of 3696097?
9
What is the hundreds digit of 10585702?
7
What is the hundred thousands digit of 13703692?
7
What is the tens digit of 803474?
7
What is the thousands digit of 111233?
1
What is the hundreds digit of 490367?
3
What is the hundred thousands digit of 1588820?
5
What is the tens digit of 466279?
7
What is the hundreds digit of 2994002?
0
What is the ten thousands digit of 7932359?
3
What is the hundred thousands digit of 1941882?
9
What is the hundred thousands digit of 783988?
7
What is the millions digit of 7981466?
7
What is the thousands digit of 2948060?
8
What is the units digit of 38099570?
0
What is the hundred thousands digit of 3542478?
5
What is the hundreds digit of 53451?
4
What is the tens digit of 12481344?
4
What is the units digit of 3919493?
3
What is the thousands digit of 83945?
3
What is the millions digit of 2673831?
2
What is the hundred thousands digit of 777825?
7
What is the ten thousands digit of 100630?
0
What is the ten thousands digit of 542733?
4
What is the units digit of 1438431?
1
What is the units digit of 3704530?
0
What is the hundreds digit of 211839?
8
What is the hundreds digit of 387136?
1
What is the millions digit of 6919059?
6
What is the units digit of 807996?
6
What is the thousands digit of 5215034?
5
What is the units digit of 11459012?
2
What is the units digit of 4361836?
6
What is the ten thousands digit of 1395549?
9
What is the thousands digit of 778057?
8
What is the tens digit of 1481377?
7
What is the hundred thousands digit of 2824004?
8
What is the hundreds digit of 1156425?
4
What is the ten thousands digit of 7753055?
5
What is the hundreds digit of 8204693?
6
What is the hundred thousands digit of 3059415?
0
What is the hundred thousands digit of 1242617?
2
What is the tens digit of 3741974?
7
What is the ten thousands digit of 4826930?
2
What is the thousands digit of 1825296?
5
What is the thousands digit of 20078?
0
What is the tens digit of 2710980?
8
What is the thousands digit of 9361949?
1
What is the tens digit of 377674?
7
What is the ten thousands digit of 54329?
5
What is the hundreds digit of 3587210?
2
What is the tens digit of 372981?
8
What is the hundred thousands digit of 5375159?
3
What is the units digit of 1924263?
3
What is the tens digit of 11952498?
9
What is the ten thousands digit of 1684834?
8
What is the units digit of 1495510?
0
What is the tens digit of 281774?
7
What is the millions digit of 20980631?
0
What is the thousands digit of 13281090?
1
What is the millions digit of 6013157?
6
What is the millions digit of 2329189?
2
What is the units digit of 4490875?
5
What is the hundreds digit of 456815?
8
What is the units digit of 764402?
2
What is the thousands digit of 271992?
1
What is the hundred thousands digit of 912560?
9
What is the ten thousands digit of 733691?
3
What is the ten thousands digit of 1326359?
2
What is the hundreds digit of 10353333?
3
What is the millions digit of 1381976?
1
What is the ten thousands digit of 6771507?
7
What is the ten millions digit of 12312055?
1